 Let x(d) = 2 - 3*d**2 - 5*d - d**f + 3*d - 4 - d**2. Calculate x(i).
6
Let u(j) = -6*j - 6. Let a be u(-2). Let i(m) = 2*m + 4. Determine i(a).
16
Let b be 82/14 - (-13)/91. Let l(u) be the second derivative of u**3/6 - u**2 - u. What is l(b)?
4
Let u(v) = 2*v**2 + v + 1. Let q(c) = -c**2 - c. Let s be q(0). Suppose 4*o - 16 + 20 = s. Calculate u(o).
2
Suppose -4*x - q - 12 = 0, 0 = 3*x - 3*q + 17 + 7. Let f(g) = 8*g + 5. Determine f(x).
-27
Let i(v) = v**3 + 4*v**2 - 11*v + 10. Let x be i(-6). Let z(k) = -3*k**2 - 6*k + 7. Let o(f) = -8*f**2 - 17*f + 20. Let p(s) = -4*o(s) + 11*z(s). Give p(x).
-11
Let j(b) = b**2 + 5*b + 3. Suppose 40 = -142*n + 122*n. What is j(n)?
-3
Let o(m) be the first derivative of m**2/2 - 7*m - 3. Suppose -22 = 11*t - 77. Determine o(t).
-2
Let r(b) = 3*b**2 + 4*b - 4. Let t(v) = 4*v**2 - 4. Let c(m) = -3*r(m) + 2*t(m). Determine c(-13).
-9
Let f = -8 + 8. Let l(j) be the second derivative of -j**5/60 + j**4/24 - 8*j**3/3 - 15*j**2/2 + j. Let p(o) be the first derivative of l(o). Determine p(f).
-16
Suppose -r = r. Let k(w) = 5*w + 29. Let h be k(-6). Let z be (-1)/(r/(-1) - h). Let v(x) = 4*x**2. Give v(z).
4
Let f be (48/(-18))/(4*1/6). Suppose 2*v - 4 = 4*c, -v = 3*c - 7*c - 2. Let l(o) = -3*o**2 + 2 + v*o**2 - 2*o**2 - 4*o + o**2. Calculate l(f).
-14
Let h(f) = -12*f**2 - 20*f + 9. Let m(b) = -7*b**2 - 11*b + 5. Let i(v) = 3*h(v) - 5*m(v). What is i(-8)?
-22
Suppose 9 - 3 = 6*i. Let a(d) = 8*d**3 - 8*d**2 + d + 6. Let q(v) = 7*v**3 - 7*v**2 + v + 5. Let n(h) = -6*a(h) + 7*q(h). Calculate n(i).
0
Let q = 4 - 12. Let o be (-2)/(-10) + q/(-10). Let t be 2/6*o*-9. Let z(r) = r**3 + 3*r**2 - 3*r - 3. What is z(t)?
6
Let v(p) = p**2 - 4*p. Suppose 32 = 5*n + 4*l, 2*l - 16 = -4*n + 6. Let b be 259/49 + n/(-14). Suppose 2*z = b*r - 3*z - 40, 0 = -r + 5*z + 20. What is v(r)?
5
Let o be (32/(-10) + 4)/((-4)/(-30)). Suppose 10*n + 3*n = o*n. Let w(k) = k. What is w(n)?
0
Let v be 33/15 - (18/(-10) - -2). Let j(t) = t**3 + t**3 - t**3 + 11*t**2 - 2 - 16*t**v - 3*t. Calculate j(6).
16
Let r(j) = -9*j - 1. Let l(u) = 3*u + 24 - 47 + 23. Let s(b) = -14*l(b) - 4*r(b). Suppose -6*t = -2*t - 12. Determine s(t).
-14
Let z(u) = 16*u + 7. Let w(y) = -9*y - 3. Let i(a) = -5*w(a) - 3*z(a). Determine i(-3).
3
Let x(h) = 0*h - 5*h - 7*h + 31*h + 1. Calculate x(-1).
-18
Let c be 7/2 + (-6)/(-12). Let z(p) = 1 + 4 - 4 - c*p + 0. Calculate z(-1).
5
Let n(y) = -12*y + 15. Suppose 8 = -3*m - 1. Let d(p) = -p + 1. Suppose t = 28 + 17. Let k(w) = m*n(w) + t*d(w). Calculate k(1).
-9
Let d(j) = -6 + 7 + 5 + 2*j**2 - 5*j**3 - 5*j. Let y(b) = 6*b**3 - 3*b**2 + 6*b - 7. Let u(r) = -7*d(r) - 6*y(r). What is u(2)?
6
Let q(b) = -b**2 + 4*b + 5. Let v be (-8)/(-28) + (-1074)/(-14). Let g = -71 + v. Determine q(g).
-7
Let c(i) be the first derivative of -i**4/4 + i**3/3 + i**2 - 5*i + 549. Give c(2).
-5
Let f(u) = 3*u + 1. Let b be -3*((-6)/(-15))/((-60)/250). Calculate f(b).
16
Suppose -4*o = -3*x + 2, 4*o + 2*x = -0*x + 8. Let b(v) = 5*v + 1. Determine b(o).
6
Let g(q) be the third derivative of 0 + 0*q + 1/24*q**4 - 5/6*q**3 + 16*q**2. Give g(3).
-2
Suppose 95 + 29 = 4*y. Suppose 10*p + 41 - 81 = 0. Let h(k) = p - 4*k + 10*k**2 + 15*k**2 - y*k**2 - k**3. What is h(-4)?
-12
Let v(h) = -h**3 - 6*h**2 - 5*h + 2. Let s(m) = m**3 - 9*m**2 + 10*m - 12. Let q be s(8). Suppose 0 = 3*p + u + 12, q*p - 3*u + 16 = -6*u. Give v(p).
-10
Let h(r) be the third derivative of -r**5/60 + r**4/4 + r**3 + 139*r**2. Determine h(-5).
-49
Let o(s) = s**2 + 26*s + 22. Suppose -48*t + 2*q = -52*t - 92, -2*q + 8 = 0. Determine o(t).
-3
Let o(u) be the first derivative of u**3/6 + 2*u**2 + 20*u - 5. Let x(d) be the first derivative of o(d). Determine x(3).
7
Let d(g) = g**3 + 4*g**2 + 6*g + 2. Suppose -2*q + 7*q - 5*c + 10 = 0, -3*q + 4*c = 5. Determine d(q).
-7
Let m(n) = n**3 - n**2 - 2*n - 1. Let r(a) = -6*a - a**2 - 3 + 2 + 6 + a**3. Let w be r(3). Suppose 0*l + w*l = -5. Give m(l).
-1
Let u be 18/(-63) - 60/(-14). Let t(m) = 4*m**3 - 3*m**3 + 0*m - u*m**2 + 11*m**2 + 5 + 7*m. Let q be 18/(-99) + 128/(-22). What is t(q)?
-1
Let p(j) = j - 2. Let u be p(2). Suppose u = 2*g + g. Suppose 2*y + 4*l - 6 = g, -3*y - l = y - 5. Let a(r) = -2*r**2 - r + 1. What is a(y)?
-2
Suppose -2*o - 3*o = -10. Let m be o/7 - 36/(-21). Let r(g) be the third derivative of g**4/6 - g**3/2 + 5*g**2. Calculate r(m).
5
Let b(p) be the second derivative of p**3/3 + p**2/2 + 13*p. Suppose 0*w + w = 5*s + 25, 5*s - 5*w = -5. What is b(s)?
-11
Let v be -1 + (-3 - -6) + 1*8. Let s = v - 5. Let x(j) = -j**3 + 6*j**2 - 5*j - 5. Determine x(s).
-5
Let f be 0 + (-9 + 0)*-1. Suppose -17*c + 196 = -31*c. Let m = c + f. Let d(j) = -j - 1. What is d(m)?
4
Suppose b + 2*p - 1 = 0, -3*b + p = -4*p + 19. Let h = -13 + 66. Let o(w) = 61*w - 3 - 117*w + h*w. What is o(b)?
6
Let l(f) = -28*f**2 - 15*f + 51. Let z(t) = 13*t**2 + 7*t - 25. Let c(p) = 6*l(p) + 13*z(p). What is c(8)?
53
Let f(x) = 99*x + 99*x + 99*x - 401*x - 44 + 108*x. Calculate f(13).
8
Let i be (-16 - -2)*(-12)/(-4). Let m = i + 74. Let o = m - 40. Let n(w) = w + 11. Calculate n(o).
3
Let c(n) = -n**2 + 10*n + 15. Let a be (15/(-10)*-1)/(18/132). What is c(a)?
4
Let w(r) = -r**3 - r**2 + 6*r - 5. Let s(m) = -m**3 + 5*m - 4. Let h(b) = 4*s(b) - 3*w(b). Suppose 7 = 4*u + 3, 0 = -4*i + 4*u - 12. Determine h(i).
15
Let b(a) = -11*a**2 + 78*a**3 - 79*a**3 - 3*a - 4 + 5*a**2. Determine b(-5).
-14
Let p(o) = -11*o**2 + 7*o + 5. Let n(d) = -d**2 + d + 1. Let j(i) = -6*n(i) + p(i). Let w(v) = -41*v - 572. Let t be w(-14). Determine j(t).
-19
Suppose -2*y + 0*y = -30. Let l(f) = -f + 17. Let x be l(y). Let w(n) = 9 - x*n - 21*n**3 + 6*n**2 + 39*n**3 - 19*n**3. Determine w(6).
-3
Let b(c) = -2*c - 4. Let p be 25/(-4) + (-15)/(-60). Give b(p).
8
Suppose 0 = 5*g + 25, -3*i + 8*i = 4*g. Let n(u) = 6*u**3 - 4*u**2 + 3*u + 1. Let a(p) = -p**3 + p**2 - p. Let j(m) = i*a(m) - n(m). What is j(2)?
-15
Let y(a) = -18*a - 3. Let s(g) = -7*g - 2. Let d(b) = -5*s(b) + 2*y(b). Suppose 2*o - 4 = 2*n, n = 3*o + 2*o + 14. What is d(n)?
10
Let h(d) = -2*d + 44 - 123 + 38 + 37. What is h(-6)?
8
Let n(f) be the second derivative of -3*f**5/10 - f**4/6 + f**3/3 - f**2/2 + 53*f. Determine n(1).
-7
Let g be -2 - (-15 + 3)/3. Suppose g*h = 4*h - 4. Let p be (0 - -2 - -3) + h. Let d(s) = s**2 - 7*s - 2. What is d(p)?
-2
Let d(u) = -u - 122 + 0*u - u**2 + 109 + 2*u - 2*u. Give d(0).
-13
Let j(d) = d + 8. Suppose 16 = -9*p - 2. Let g(t) = 2*t + 17. Let o(x) = p*g(x) + 5*j(x). Calculate o(-8).
-2
Let r(u) be the second derivative of -u**3/6 - u**2/2 - 125*u. Let z = 3 - 7. Determine r(z).
3
Let s(q) = q**3 + 2*q**2 - 3*q - 2. Suppose 61 = -3*c + 13. Let v = c + 17. Let n be 1/(v - 12/9). Give s(n).
-2
Let j(t) = -t**2 + t - 2. Let b be 3*-1*(-4 + 2). Let p = 64 - 56. Suppose b*y - 2*y - p = 0. What is j(y)?
-4
Let c(r) = -r**3 + 15*r**2 - 14*r + 3. Let w be -4 + -2 + (-20)/(-1). Calculate c(w).
3
Suppose -13*j + 90 = -3*j. Let d(v) = 4 - j*v + 9*v + v. Calculate d(-6).
-2
Let v(p) = 4*p. Suppose -4*t - 3 = -5*t. Let m(i) = i**3 - 3*i**2 + 2. Let k be m(t). Suppose k = -4*a + 10. Determine v(a).
8
Suppose 94*u - 89*u = 15. Let q be -1 - 9/(-3)*1. Let j(m) = 2*m + 1 + 1 - m - q*m. Give j(u).
-1
Let q(l) = l - 4. Let v(s) = 9*s**2 - 31*s - 32. Let r be v(-1). What is q(r)?
4
Let k(y) = y**3 - 4*y + 1 - 5*y**2 + 9*y - 5. Give k(3).
-7
Suppose 0 = 6*k - k. Suppose 29 = -4*a + 5*d, k*a - 2*d + 16 = -2*a. Let o = -17 - a. Let z(n) = -2*n - 9. Calculate z(o).
3
Let p(g) be the second derivative of 0*g**4 - 1/6*g**3 + 0 + 1/2*g**2 - 5*g - 1/20*g**5. Let n(y) = 4*y**3 + 6*y - 9. Let k(l) = -n(l) - 5*p(l). Give k(0).
4
Let a(f) = f**3 + 5*f**2 - 4*f + 1. Suppose -4*k = 16, -4*o + 5 = -3*k + 13. What is a(o)?
21
Let k(x) = -5*x - 2. Suppose 118 = -6*o + 136. Give k(o).
-17
Let m(c) = 0*c**2 + 1 + 3*c**2 + 4 - 2*c**2 + 16*c - 18*c. Suppose -4*d = -0*d - h - 13, 3*d + h - 15 = 0. Give m(d).
13
Let l(r) = -r**3 - 10*r**2 - 9*r - 10. Suppose 81*c + 45 = 76*c. Calculate l(c).
-10
Let q(z) be the first derivative of 2*z**2 + z + 68. Determine q(1).
5
Let f(a) = -a. Let o(t) = t**2 - 9*t + 3. Let z(w) = -5*f(w) + o(w). Let m be z(5). Let x(v) = v**3 - 9*v**2 + 8*v - 2. Determine x(m).
-2
Suppose -5*v =